alculate o(r).
54
Let q(z) = z**2 + 11*z + 9. Let y be q(-11). Let d = y + -4. Suppose -d*s = 29 - 4. Let u(v) = v**2 + 3*v - 3. Calculate u(s).
7
Let j be 2/13 + -10*380/(-650). Let g(d) = d**2 - 4*d - 7. Calculate g(j).
5
Let z(d) = d**3 - 8*d**2 - 12*d + 19. Let f(c) = -27*c - 72. Let a be f(-3). What is z(a)?
-8
Let g be (0/4)/(0 - 1). Let w(s) = 5*s**2 + s - 15*s**2 + g*s. Let n(y) = 72*y - 1. Let v be n(0). Determine w(v).
-11
Suppose 0 = -5*j + v - 2*v + 739, -5*v - 449 = -3*j. Let o be j/6 - 8/(-24). Let l(m) = -2 + 10*m + o*m**2 - 4*m - 26*m**2. Give l(4).
6
Let f(q) = q**3 - 3*q**2 - 5*q + 1. Let v(g) = g**2 - 3. Let w be v(-3). Let x(r) = r**3 + 10*r**2 + 20*r - 5. Let l be x(-7). Let s = w - l. Calculate f(s).
-3
Let f = -228 - -230. Let c(i) = 2*i - 3. Let u(y) be the first derivative of 3*y**2/2 - 5*y + 2. Let m(w) = -5*c(w) + 3*u(w). Give m(f).
-2
Let d be 1/(-8) + 451/88. Suppose d*t + 13 = -4*f, t = -3*f - 0 - 7. Let m(k) = k - 4*k - k**2 - 1 - k**3 + 2*k**3. Determine m(f).
-7
Let v(j) be the first derivative of j**2/2 + 2*j - 197. Let f = 3 + -5. Let s = f + 2. Give v(s).
2
Let i(s) = s**2 + 6*s - 4. Let h(z) be the second derivative of -z**5/20 + z**4/3 - 4*z**2 + 9*z. Let j be h(4). What is i(j)?
12
Let u = -504 + 1009/2. Let n(h) be the second derivative of 1/2*h**3 + 0 - h - 1/2*h**2 + u*h**4 + 1/20*h**5. What is n(-5)?
9
Let p(i) = 7*i**3 - 1. Let q(r) = -2*r**3 + 82*r**2 + 1. Let k be q(41). What is p(k)?
6
Let t(w) be the second derivative of -w**3/3 + 7*w**2/2 - 136*w + 3. What is t(5)?
-3
Let j(z) = -4*z**2 + 2*z + 1. Let o(a) = -5*a**2 + a + 1. Let l(c) = 3*j(c) - 4*o(c). Determine l(1).
9
Let r(u) = 0*u**3 + 7*u + 7*u**2 - 5 - 4*u**2 - u**3. Suppose -4*o + j = -8, -4 = -2*o - j - 2*j. Suppose 4*c - c - 16 = -k, o*c + 4*k - 24 = 0. What is r(c)?
7
Let g(l) be the first derivative of l**4/2 - 4*l**3/3 + l**2/2 + 43. What is g(3)?
21
Let p be (-4)/2 + (-3)/3. Let n(v) = 5*v**2 + 6*v - 4. Suppose -6 = -2*i - 4. Let r(d) = -d**2 - d + 1. Let y(s) = i*n(s) + 4*r(s). Give y(p).
3
Let u be (204/(-14))/2 + 36/126. Let q(n) be the first derivative of 3*n**2/2 + 10*n - 5. What is q(u)?
-11
Let q(b) = 5*b - 11. Let t be ((-6)/4)/((-8)/(-16)). Let z(j) = -4*j + 11. Let w(u) = t*q(u) - 4*z(u). What is w(6)?
-5
Let c(t) = t**2 - 6*t - 2. Let j be c(7). Let b(u) = 0*u**2 + 3 + 1 + j + 8*u + u**2. What is b(-7)?
2
Let m(u) = u + 75 - 139 + 67 - 2*u**2. Let z be m(2). Let q(j) = -j + 1. What is q(z)?
4
Let j(a) = 59*a**2 + 10. Let y(s) = -22*s**2 - 3. Let g(h) = 3*j(h) + 8*y(h). Let m(o) = o**2 + 2*o - 3. Let z be m(-3). Calculate g(z).
6
Let r(m) = -3*m + m - 1 + 3*m**3 + m**2 - 2*m**3. Let c be (-36)/14*(-14)/(-3). Let x be (-2)/c - (-11)/6. Give r(x).
7
Let c(t) = -3*t**3 + 3*t**2 - 2. Let h = -59 + 61. Calculate c(h).
-14
Let k(t) = t**2 - 5*t + 3. Let y(x) = x - 1. Let p(m) = -7*m + 12. Let w(j) = 2*p(j) + 18*y(j). Let l be w(0). Give k(l).
9
Let l(z) = -7*z**3 + 1. Suppose 17*c = 3 + 14. Calculate l(c).
-6
Let u(a) be the second derivative of -2*a**4 + a**3/6 + a**2/2 + 460*a. Calculate u(-1).
-24
Let t(y) be the third derivative of y**4/24 + 25*y**3/6 - 25*y**2. Let d be t(-20). Let n(b) = b**3 - 4*b**2 - 3*b - 5. Give n(d).
5
Let w(l) be the first derivative of l**5/20 + l**4/3 - l**3/6 + 5*l**2/2 - 8*l - 10. Let p(g) be the first derivative of w(g). Give p(-4).
9
Let p be 10/4 - (-4)/(-8). Suppose p*t + t = -27. Let z be 6/(-4) + t/6. Let u(w) = -w**2 - 2*w + 2. What is u(z)?
-1
Let l be ((-18)/15)/3*(8 - 13). Let r(a) be the second derivative of -a**3 + 1/2*a**l + a + 0. Give r(-1).
7
Let w(x) = -12*x**3 - 8 + 31*x**3 + 12*x**2 - 20*x**3 - 10*x. What is w(11)?
3
Let b(k) = -11*k**2 - k + 1. Suppose n = 2*s - 23, 0*s - 2*s + 14 = -4*n. Let p = -10 + s. Let a be p + (2/(-1))/1. Give b(a).
-11
Suppose 3*j + 4*r + 4 = 0, 2*r = j - r - 3. Let h(y) = 5880*y**2 + 1 + y - 5879*y**2 + y**3 - 11. Give h(j).
-10
Suppose 0 = -8*x + 36*x + 35*x. Let n(d) = d**3 - d - 12. Give n(x).
-12
Let l(t) = -t**3 + 2*t**2 + 2*t + 7. Let y be l(-3). Let a(v) = y + v**2 - 18 - 18 - v. What is a(0)?
10
Let r(b) be the second derivative of 1/12*b**4 - b**3 - 5/2*b**2 + 20*b + 0. Let j = 4 - -3. Calculate r(j).
2
Let t(z) = 14*z**2 - 2*z - 1. Let n be 1 - (-13 - -10 - -5). Give t(n).
15
Suppose -3*h + 500 = 2*h. Let y be (h/(-35))/(2/(-7)). Let m = y - 5. Let a(w) = -w**2 + 5*w - 7. What is a(m)?
-7
Let s(u) be the first derivative of -u**7/840 + 7*u**6/360 + u**5/60 - u**4/3 + 11*u**3/3 - 20. Let y(z) be the third derivative of s(z). Give y(7).
6
Let r = 74 + -72. Let b(k) = -2 + 1 - k**3 - 2*k - k**2 + 0*k**2 + 4*k**2. Give b(r).
-1
Let n(r) = -3 - 474*r**2 - r**3 - 6*r + 481*r**2 + 0*r. Let b be (-4)/14 - (-8)/28. Suppose -5*k = -4*i - 30, 2*i = -b*i. Calculate n(k).
-3
Suppose -3*m - 9 = -4*l, 3 = -0*l + 3*l - m. Let d(f) = -f + 4. Determine d(l).
4
Let h(j) = -2*j**2 + 4*j + 12 + 3 - 21. What is h(3)?
-12
Let q = 144 + -149. Let h(z) = 10*z**2 - 2*z - 1. Let l be h(-1). Let i = l + q. Let a(u) = -u**2 + 6*u + 6. Determine a(i).
6
Let u = -6 + -21. Let d be 9/u + (-10)/(-3). Let h(x) = x**3 - 3*x**2 + 3*x - 2. Give h(d).
7
Suppose -91*f + 115*f - 48 = 0. Let p(x) be the first derivative of x**4/4 - 4*x**3/3 + 3*x**2/2 - 1. Give p(f).
-2
Let o(b) = -48*b + 46*b - 17 - 14 + 12. Let x(a) = a + 9. Let s(r) = -6*o(r) - 13*x(r). Determine s(-5).
2
Let f(a) = -3*a + 3. Suppose 0 = -5*k + 31 + 9. Let d(q) = -5*q + 4. Let z(n) = k*f(n) - 5*d(n). Let y be z(-10). Let b(w) = -w**2 - 4*w + 7. What is b(y)?
-5
Suppose 0*c = -5*c - 2*g + 24, -c = -3*g + 2. Let k(h) = -2*h + 1. What is k(c)?
-7
Let i = -61 - -66. Let g(h) be the first derivative of 7*h + 1/4*h**4 - 3/2*h**2 - 3 - 5/3*h**3. Give g(i).
-8
Let t(c) = 3*c + 0*c - 5 + 10 + 6*c - 8*c. Calculate t(-4).
1
Let b(o) = -5*o - 3. Let c be (-4)/(-6)*108 - -4. Let z = c + -73. Give b(z).
-18
Let g be 30/(-8)*2/12*-16. Let d(q) = q**2 - 8*q - 20. Let v be d(g). Let a(r) = -r**3 - r - 4. Calculate a(v).
-4
Let r(n) = n**3 + 2 + 2 - 10*n**2 + 0*n**2. Let y be r(10). Let q(d) be the first derivative of d**4/4 - 5*d**3/3 + 5*d**2/2 + 16. Give q(y).
4
Let c(b) = -b + 16. Let h(f) = 7*f**2 + 2*f + 7. Let k be h(0). Determine c(k).
9
Let l(o) = -7*o + 1. Let i = -18 + 15. Calculate l(i).
22
Let q(g) = -g**2 - 22*g + 31. Suppose -230 = -5*l + 15*l. Give q(l).
8
Let y be 2 - (1 - 8/4). Let l(n) = -2*n - 9 + n**y + 2 + 8 - 2*n**2. Determine l(3).
4
Suppose 0*p + 19 = -p + 2*l, 3*l = 5*p + 60. Let z(j) = -j**3 - 9*j**2 - j - 9. What is z(p)?
0
Let s(r) = -2*r - 40. Let i(k) = k + 14. Let p(c) = 8*i(c) + 3*s(c). What is p(8)?
8
Suppose -4*m + 5*r - 50 = 89, 0 = 5*m - 5*r + 180. Let k = 37 + m. Let w(d) = -4*d - 1 + 4*d - 3*d + 0*d**2 - d**2. Calculate w(k).
-5
Let o(r) = -3*r + 8. Suppose 0 = 5*q - 10*n + 12*n - 25, -5*n = 0. Calculate o(q).
-7
Let x(y) = -3 - 14*y + 1 + 1 - y**2 - 1 - 9. Give x(-12).
13
Let i(s) = -s**2 - 25*s - 146. Let o be i(-8). Let f(q) = 3*q. Determine f(o).
-30
Let d(r) be the first derivative of r**4/4 + 5*r**3/3 + r**2 - 9*r - 134. Give d(-4).
-1
Let s(v) = 7*v. Suppose 5*y + 2*u - 6 = -30, 3*u + 10 = -y. Let b be -2 + (0 - y) - 1*-1. Calculate s(b).
21
Suppose 3*r - 5 = -3*p + r, 3*p - 4 = -r. Let v(x) = -20*x + 1. Determine v(p).
-19
Let j(h) = 5*h**2 + 40*h + 1. Let b be j(-8). Let m(g) = -34*g**2 + 2*g. Give m(b).
-32
Let x(s) = -5*s**3 + 8*s**2 + 4*s - 4. Let k(m) = -6*m**3 + 9*m**2 + 4*m - 3. Let c(j) = 4*k(j) - 5*x(j). Determine c(4).
-8
Suppose -3*u - 15*f + 13*f = -9, 5*u - f = 15. Let s(i) = 2*i**2 - i - 3. What is s(u)?
12
Let y(s) = 29 - 28 + 0*s**3 + s**3 + 0*s**3 + 3*s + 3*s**2. Determine y(-3).
-8
Suppose -2*i - 3*i - 4*s + 5 = 0, -2*i + 2*s + 2 = 0. Suppose 2*b + 7 = -i. Let f(c) = c**3 + 3*c**2 - 5*c - 1. Calculate f(b).
3
Let g(r) be the first derivative of 1/2*r**2 - 7 + 3*r. Determine g(3).
6
Let a(g) be the first derivative of -g**3/3 + 7*g**2/2 - 9*g - 2. Suppose 0 = -2*x + 1 + 31. Let o = 22 - x. Give a(o).
-3
Suppose 5*w + 14 = 3*z, 3*z - w + 4*w + 18 = 0. Let c(d) = 1 + 6 + 3*d - 4*d**2 - 4 + 6*d**2. Calculate c(z).
5
Let g be -4 + 2 + -7 + 0 + 4. Let x(y) = y**2 + 7*y + 2. Calculate x(g).
-8
Let m(t) = -t + 3. Let b(r) = r - 2. Suppose 3*n - 3*k + 8 = 32, 0 = -2*n